{"id":8919,"date":"2021-02-16T15:34:28","date_gmt":"2021-02-16T15:34:28","guid":{"rendered":"https:\/\/www.isvps.org\/p\/exams\/foundation-certificate-in-emergency-and-critical-care\/"},"modified":"2023-06-05T16:05:05","modified_gmt":"2023-06-05T16:05:05","slug":"foundation-certificate-in-emergency-and-critical-care","status":"publish","type":"page","link":"https:\/\/www.isvps.org\/p\/pt\/exams\/foundation-certificate-in-emergency-and-critical-care\/","title":{"rendered":"Foundation Certificate in Emergency and Critical Care"},"content":{"rendered":"<p>[et_pb_section fb_built=&#8221;1&#8243; fullwidth=&#8221;on&#8221; _builder_version=&#8221;3.22&#8243;][et_pb_fullwidth_header title=&#8221;<strong>Foundation Certificate em Urg\u00eancias Veterin\u00e1rias<\/strong>&#8221; module_class=&#8221;esvpsheader&#8221; _builder_version=&#8221;4.6.0&#8243; background_color=&#8221;rgba(255, 255, 255, 0)&#8221; background_image=&#8221;https:\/\/www.isvps.org\/p\/wp-content\/uploads\/2021\/02\/Foundation-Certificate.jpeg&#8221; parallax=&#8221;on&#8221; parallax_method=&#8221;on&#8221; background_layout=&#8221;light&#8221; max_width_tablet=&#8221;50px&#8221; button_one_text_size__hover_enabled=&#8221;off&#8221; button_one_text_size__hover=&#8221;null&#8221; button_two_text_size__hover_enabled=&#8221;off&#8221; button_two_text_size__hover=&#8221;null&#8221; button_one_text_color__hover_enabled=&#8221;off&#8221; button_one_text_color__hover=&#8221;null&#8221; button_two_text_color__hover_enabled=&#8221;off&#8221; button_two_text_color__hover=&#8221;null&#8221; button_one_border_width__hover_enabled=&#8221;off&#8221; button_one_border_width__hover=&#8221;null&#8221; button_two_border_width__hover_enabled=&#8221;off&#8221; button_two_border_width__hover=&#8221;null&#8221; button_one_border_color__hover_enabled=&#8221;off&#8221; button_one_border_color__hover=&#8221;null&#8221; button_two_border_color__hover_enabled=&#8221;off&#8221; button_two_border_color__hover=&#8221;null&#8221; button_one_border_radius__hover_enabled=&#8221;off&#8221; button_one_border_radius__hover=&#8221;null&#8221; button_two_border_radius__hover_enabled=&#8221;off&#8221; button_two_border_radius__hover=&#8221;null&#8221; button_one_letter_spacing__hover_enabled=&#8221;off&#8221; button_one_letter_spacing__hover=&#8221;null&#8221; button_two_letter_spacing__hover_enabled=&#8221;off&#8221; button_two_letter_spacing__hover=&#8221;null&#8221; button_one_bg_color__hover_enabled=&#8221;off&#8221; button_one_bg_color__hover=&#8221;null&#8221; button_two_bg_color__hover_enabled=&#8221;off&#8221; button_two_bg_color__hover=&#8221;null&#8221;][\/et_pb_fullwidth_header][\/et_pb_section][et_pb_section fb_built=&#8221;1&#8243; _builder_version=&#8221;4.6.0&#8243; custom_padding=&#8221;||25px||false|false&#8221;][et_pb_row _builder_version=&#8221;4.6.0&#8243;][et_pb_column type=&#8221;4_4&#8243; _builder_version=&#8221;4.0.9&#8243;][et_pb_text _builder_version=&#8221;4.6.0&#8243; background_size=&#8221;initial&#8221; background_position=&#8221;top_left&#8221; background_repeat=&#8221;repeat&#8221; locked=&#8221;off&#8221;]<b>O Foundation Certificate (FCert) \u00e9 um novo certificado da ISVPS destinado para satisfazer as necessidades dos profissionais veterin\u00e1rios que desejam melhorar o seu percurso de aprendizagem numa disciplina espec\u00edfica de educa\u00e7\u00e3o veterin\u00e1ria. Este certificado tem como objetivo atualizar os conhecimentos adquiridos durante o curso da licenciatura veterin\u00e1ria e o desenvolvimento profissional cont\u00ednuo. O certificado \u00e9 tamb\u00e9m ideal como complemento a outros mais extensos, tal como o GPCert, para melhorar os conhecimentos numa \u00e1rea espec\u00edfica de interesse. Foi desenvolvido para profissionais veterin\u00e1rios que frequentam um programa intensivo e desejam obter um primeiro passo, de n\u00edvel interm\u00e9dio, de qualifica\u00e7\u00e3o reconhecida pelos seus pares. <\/b><\/p>\n<p>Esta qualifica\u00e7\u00e3o pode ser obtida ap\u00f3s a conclus\u00e3o de um programa de forma\u00e7\u00e3o modular acreditado pela ISVPS e a conclus\u00e3o bem-sucedida da avalia\u00e7\u00e3o da ISVPS. A avalia\u00e7\u00e3o do Foundation Certificate pode ser realizada ap\u00f3s a conclus\u00e3o do curso, ao ritmo do candidato, proporcionando assim uma maior flexibilidade na obten\u00e7\u00e3o do certificado.  <\/p>\n<p>O interesse do Foundation Certificate \u00e9 que permite aos veterin\u00e1rios que o obtiveram aplicar imediatamente os seus novos conhecimentos e explorar os t\u00f3picos dentro da medicina veterin\u00e1ria em que est\u00e3o mais interessados. Tamb\u00e9m proporciona a oportunidade de completar mais do que um certificado e experimentar em diferentes \u00e1reas tem\u00e1ticas do campo veterin\u00e1rio antes de avan\u00e7ar potencialmente para uma qualifica\u00e7\u00e3o de n\u00edvel seguinte, tal como o certificado GPCert da ISVPS.[\/et_pb_text][\/et_pb_column][\/et_pb_row][et_pb_row _builder_version=&#8221;4.6.0&#8243; _module_preset=&#8221;default&#8221;][et_pb_column type=&#8221;4_4&#8243; _builder_version=&#8221;4.6.0&#8243; _module_preset=&#8221;default&#8221;][et_pb_text _builder_version=&#8221;4.6.0&#8243; _module_preset=&#8221;default&#8221;]<\/p>\n<h3>Requisitos<\/h3>\n<p>Para alcan\u00e7ar o FCert(E&#038;CC) os candidatos precisam de:<\/p>\n<ul>\n<li>Participar no programa de forma\u00e7\u00e3o modular acreditado pela ISVPS (TODOS os m\u00f3dulos devem ser frequentados)<\/li>\n<li>Aprovar um exame online de perguntas de escolha m\u00faltipla (MCQ) (1 hora)<\/li>\n<\/ul>\n<p>O estudo necess\u00e1rio foi calculado em cerca de 4 horas por m\u00f3dulo. <\/p>\n<p>Ao obterem o FCert(E&#038;CC), os candidatos recebem um certificado personalizado.[\/et_pb_text][\/et_pb_column][\/et_pb_row][et_pb_row _builder_version=&#8221;4.6.0&#8243; _module_preset=&#8221;default&#8221;][et_pb_column type=&#8221;4_4&#8243; _builder_version=&#8221;4.6.0&#8243; _module_preset=&#8221;default&#8221;][et_pb_text _builder_version=&#8221;4.6.0&#8243; _module_preset=&#8221;default&#8221;]<\/p>\n<h3>Perguntas frequentes<\/h3>\n<p>[\/et_pb_text][et_pb_text _builder_version=&#8221;4.6.0&#8243; _module_preset=&#8221;default&#8221;]<b>Quanto tempo vai demorar?<\/b><br \/>\nAp\u00f3s a conclus\u00e3o do curso, os candidatos t\u00eam at\u00e9 dois anos (3 tentativas por exame) para satisfazerem os requisitos de avalia\u00e7\u00e3o da ISVPS e obterem o FCert. [\/et_pb_text][et_pb_text _builder_version=&#8221;4.6.0&#8243; _module_preset=&#8221;default&#8221;]<b>E se eu n\u00e3o for aprovado no exame?<\/b><br \/>\nOs candidatos ter\u00e3o 3 tentativas dispon\u00edveis em 2 anos para obten\u00e7\u00e3o do certificado a partir do momento em que completarem o curso. Haver\u00e1 um per\u00edodo de duas semanas ap\u00f3s uma tentativa antes de ter acesso \u00e0 seguinte. <\/p>\n<p>Se n\u00e3o aprovarem ap\u00f3s tr\u00eas tentativas, n\u00e3o ser\u00e3o eleg\u00edveis para o FCert da ISVPS e receber\u00e3o unicamente um certificado de conclus\u00e3o do curso por parte da Improve International.[\/et_pb_text][et_pb_text _builder_version=&#8221;4.6.0&#8243; _module_preset=&#8221;default&#8221;]<b>Como \u00e9 que eu come\u00e7o?<\/b><br \/>\nOs candidatos inscritos em programas de forma\u00e7\u00e3o modular acreditados ter\u00e3o acesso a uma \u00c1rea de Candidato, onde poder\u00e3o inscrever-se para o exame e para a sua vigil\u00e2ncia remota.  As taxas do exame est\u00e3o inclu\u00eddas no pagamento do curso. [\/et_pb_text][\/et_pb_column][\/et_pb_row][\/et_pb_section][et_pb_section fb_built=&#8221;1&#8243; _builder_version=&#8221;4.6.0&#8243; _module_preset=&#8221;default&#8221; background_color=&#8221;#f0f5f8&#8243; custom_margin=&#8221;||||false|false&#8221;][et_pb_row _builder_version=&#8221;4.6.0&#8243; _module_preset=&#8221;default&#8221;][et_pb_column type=&#8221;4_4&#8243; _builder_version=&#8221;4.6.0&#8243; _module_preset=&#8221;default&#8221;][et_pb_text _builder_version=&#8221;4.6.0&#8243; _module_preset=&#8221;default&#8221; hover_enabled=&#8221;0&#8243; sticky_enabled=&#8221;0&#8243;]<\/p>\n<h2>Para mais informa\u00e7\u00f5es, por favor contacte a ISVPS <a href=\"mailto:portugues@isvps.org\">portugues@isvps.org<\/a><\/h2>\n<p>[\/et_pb_text][\/et_pb_column][\/et_pb_row][et_pb_row _builder_version=&#8221;4.6.0&#8243; _module_preset=&#8221;default&#8221; saved_tabs=&#8221;all&#8221; global_module=&#8221;11166&#8243;][et_pb_column type=&#8221;4_4&#8243; _builder_version=&#8221;4.6.0&#8243; _module_preset=&#8221;default&#8221;][et_pb_cta title=&#8221;Inscreva-se agora&#8221; button_url=&#8221;https:\/\/www.improveinternational.com\/uk\/&#8221; url_new_window=&#8221;on&#8221; button_text=&#8221;Informa\u00e7\u00e3o de cursos da Improve Veterinary Education&#8221; admin_label=&#8221;Get started now&#8221; _builder_version=&#8221;4.6.0&#8243; _module_preset=&#8221;default&#8221; custom_button=&#8221;on&#8221; button_text_color=&#8221;#ffffff&#8221; button_bg_color=&#8221;#461f54&#8243; button_icon=&#8221;%%20%%&#8221; button_on_hover=&#8221;off&#8221;]<\/p>\n<p>Para come\u00e7ar a sua certifica\u00e7\u00e3o ISVPS, simplesmente inscreva-se no curso desejado com o nosso prestador de forma\u00e7\u00e3o acreditada, Improve Veterinary Education.<\/p>\n<p>[\/et_pb_cta][\/et_pb_column][\/et_pb_row][\/et_pb_section]<\/p>\n","protected":false},"excerpt":{"rendered":"<p>[et_pb_section fb_built=&#8221;1&#8243; fullwidth=&#8221;on&#8221; _builder_version=&#8221;3.22&#8243;][et_pb_fullwidth_header title=&#8221;Foundation Certificate em Urg\u00eancias Veterin\u00e1rias&#8221; module_class=&#8221;esvpsheader&#8221; _builder_version=&#8221;4.6.0&#8243; background_color=&#8221;rgba(255, 255, 255, 0)&#8221; background_image=&#8221;https:\/\/www.isvps.org\/p\/wp-content\/uploads\/2021\/02\/Foundation-Certificate.jpeg&#8221; parallax=&#8221;on&#8221; parallax_method=&#8221;on&#8221; background_layout=&#8221;light&#8221; max_width_tablet=&#8221;50px&#8221; button_one_text_size__hover_enabled=&#8221;off&#8221; button_one_text_size__hover=&#8221;null&#8221; button_two_text_size__hover_enabled=&#8221;off&#8221; button_two_text_size__hover=&#8221;null&#8221; button_one_text_color__hover_enabled=&#8221;off&#8221; button_one_text_color__hover=&#8221;null&#8221; button_two_text_color__hover_enabled=&#8221;off&#8221; button_two_text_color__hover=&#8221;null&#8221; button_one_border_width__hover_enabled=&#8221;off&#8221; button_one_border_width__hover=&#8221;null&#8221; button_two_border_width__hover_enabled=&#8221;off&#8221; button_two_border_width__hover=&#8221;null&#8221; button_one_border_color__hover_enabled=&#8221;off&#8221; button_one_border_color__hover=&#8221;null&#8221; button_two_border_color__hover_enabled=&#8221;off&#8221; button_two_border_color__hover=&#8221;null&#8221; button_one_border_radius__hover_enabled=&#8221;off&#8221; button_one_border_radius__hover=&#8221;null&#8221; button_two_border_radius__hover_enabled=&#8221;off&#8221; button_two_border_radius__hover=&#8221;null&#8221; button_one_letter_spacing__hover_enabled=&#8221;off&#8221; button_one_letter_spacing__hover=&#8221;null&#8221; button_two_letter_spacing__hover_enabled=&#8221;off&#8221; button_two_letter_spacing__hover=&#8221;null&#8221; button_one_bg_color__hover_enabled=&#8221;off&#8221; button_one_bg_color__hover=&#8221;null&#8221; button_two_bg_color__hover_enabled=&#8221;off&#8221; button_two_bg_color__hover=&#8221;null&#8221;][\/et_pb_fullwidth_header][\/et_pb_section][et_pb_section fb_built=&#8221;1&#8243; _builder_version=&#8221;4.6.0&#8243; custom_padding=&#8221;||25px||false|false&#8221;][et_pb_row _builder_version=&#8221;4.6.0&#8243;][et_pb_column type=&#8221;4_4&#8243; _builder_version=&#8221;4.0.9&#8243;][et_pb_text _builder_version=&#8221;4.6.0&#8243; [&hellip;]<\/p>\n","protected":false},"author":7,"featured_media":0,"parent":5995,"menu_order":0,"comment_status":"closed","ping_status":"closed","template":"","meta":{"_et_pb_use_builder":"on","_et_pb_old_content":"","_et_gb_content_width":""},"yoast_head":"<!-- This site is optimized with the Yoast SEO plugin v21.2 - https:\/\/yoast.com\/wordpress\/plugins\/seo\/ -->\n<title>Foundation Certificate in Emergency and Critical Care - ISVPS<\/title>\n<meta name=\"robots\" content=\"index, follow, max-snippet:-1, max-image-preview:large, max-video-preview:-1\" \/>\n<link rel=\"canonical\" href=\"https:\/\/www.isvps.org\/p\/en\/exams\/foundation-certificate-in-emergency-and-critical-care\/\" \/>\n<meta property=\"og:locale\" content=\"en_GB\" \/>\n<meta property=\"og:type\" content=\"article\" \/>\n<meta property=\"og:title\" content=\"Foundation Certificate in Emergency and Critical Care - ISVPS\" \/>\n<meta property=\"og:description\" content=\"[et_pb_section fb_built=&#8221;1&#8243; fullwidth=&#8221;on&#8221; _builder_version=&#8221;3.22&#8243;][et_pb_fullwidth_header title=&#8221;Foundation Certificate em Urg\u00eancias Veterin\u00e1rias&#8221; module_class=&#8221;esvpsheader&#8221; _builder_version=&#8221;4.6.0&#8243; background_color=&#8221;rgba(255, 255, 255, 0)&#8221; background_image=&#8221;https:\/\/www.isvps.org\/p\/wp-content\/uploads\/2021\/02\/Foundation-Certificate.jpeg&#8221; parallax=&#8221;on&#8221; parallax_method=&#8221;on&#8221; background_layout=&#8221;light&#8221; max_width_tablet=&#8221;50px&#8221; button_one_text_size__hover_enabled=&#8221;off&#8221; button_one_text_size__hover=&#8221;null&#8221; button_two_text_size__hover_enabled=&#8221;off&#8221; button_two_text_size__hover=&#8221;null&#8221; button_one_text_color__hover_enabled=&#8221;off&#8221; button_one_text_color__hover=&#8221;null&#8221; button_two_text_color__hover_enabled=&#8221;off&#8221; button_two_text_color__hover=&#8221;null&#8221; button_one_border_width__hover_enabled=&#8221;off&#8221; button_one_border_width__hover=&#8221;null&#8221; button_two_border_width__hover_enabled=&#8221;off&#8221; button_two_border_width__hover=&#8221;null&#8221; button_one_border_color__hover_enabled=&#8221;off&#8221; button_one_border_color__hover=&#8221;null&#8221; button_two_border_color__hover_enabled=&#8221;off&#8221; button_two_border_color__hover=&#8221;null&#8221; button_one_border_radius__hover_enabled=&#8221;off&#8221; button_one_border_radius__hover=&#8221;null&#8221; button_two_border_radius__hover_enabled=&#8221;off&#8221; button_two_border_radius__hover=&#8221;null&#8221; button_one_letter_spacing__hover_enabled=&#8221;off&#8221; button_one_letter_spacing__hover=&#8221;null&#8221; button_two_letter_spacing__hover_enabled=&#8221;off&#8221; button_two_letter_spacing__hover=&#8221;null&#8221; button_one_bg_color__hover_enabled=&#8221;off&#8221; button_one_bg_color__hover=&#8221;null&#8221; button_two_bg_color__hover_enabled=&#8221;off&#8221; button_two_bg_color__hover=&#8221;null&#8221;][\/et_pb_fullwidth_header][\/et_pb_section][et_pb_section fb_built=&#8221;1&#8243; _builder_version=&#8221;4.6.0&#8243; custom_padding=&#8221;||25px||false|false&#8221;][et_pb_row _builder_version=&#8221;4.6.0&#8243;][et_pb_column type=&#8221;4_4&#8243; _builder_version=&#8221;4.0.9&#8243;][et_pb_text _builder_version=&#8221;4.6.0&#8243; [&hellip;]\" \/>\n<meta property=\"og:url\" content=\"https:\/\/www.isvps.org\/p\/pt\/exams\/foundation-certificate-in-emergency-and-critical-care\/\" \/>\n<meta property=\"og:site_name\" content=\"ISVPS\" \/>\n<meta property=\"article:modified_time\" content=\"2023-06-05T16:05:05+00:00\" \/>\n<meta name=\"twitter:card\" content=\"summary_large_image\" \/>\n<meta name=\"twitter:label1\" content=\"Estimated reading time\" \/>\n\t<meta name=\"twitter:data1\" content=\"5 minutes\" \/>\n<script type=\"application\/ld+json\" class=\"yoast-schema-graph\">{\"@context\":\"https:\/\/schema.org\",\"@graph\":[{\"@type\":\"WebPage\",\"@id\":\"https:\/\/www.isvps.org\/p\/pt\/exams\/foundation-certificate-in-emergency-and-critical-care\/\",\"url\":\"https:\/\/www.isvps.org\/p\/pt\/exams\/foundation-certificate-in-emergency-and-critical-care\/\",\"name\":\"Foundation Certificate in Emergency and Critical Care - ISVPS\",\"isPartOf\":{\"@id\":\"https:\/\/www.isvps.org\/p\/en\/#website\"},\"datePublished\":\"2021-02-16T15:34:28+00:00\",\"dateModified\":\"2023-06-05T16:05:05+00:00\",\"breadcrumb\":{\"@id\":\"https:\/\/www.isvps.org\/p\/pt\/exams\/foundation-certificate-in-emergency-and-critical-care\/#breadcrumb\"},\"inLanguage\":\"en-GB\",\"potentialAction\":[{\"@type\":\"ReadAction\",\"target\":[\"https:\/\/www.isvps.org\/p\/pt\/exams\/foundation-certificate-in-emergency-and-critical-care\/\"]}]},{\"@type\":\"BreadcrumbList\",\"@id\":\"https:\/\/www.isvps.org\/p\/pt\/exams\/foundation-certificate-in-emergency-and-critical-care\/#breadcrumb\",\"itemListElement\":[{\"@type\":\"ListItem\",\"position\":1,\"name\":\"Home\",\"item\":\"https:\/\/www.isvps.org\/p\/en\/\"},{\"@type\":\"ListItem\",\"position\":2,\"name\":\"Exams\",\"item\":\"https:\/\/www.isvps.org\/p\/en\/exams\/\"},{\"@type\":\"ListItem\",\"position\":3,\"name\":\"Foundation Certificate in Emergency and Critical Care\"}]},{\"@type\":\"WebSite\",\"@id\":\"https:\/\/www.isvps.org\/p\/en\/#website\",\"url\":\"https:\/\/www.isvps.org\/p\/en\/\",\"name\":\"ISVPS\",\"description\":\"International School of Veterinary Postgraduate Studies (ISVPS)\",\"publisher\":{\"@id\":\"https:\/\/www.isvps.org\/p\/en\/#organization\"},\"potentialAction\":[{\"@type\":\"SearchAction\",\"target\":{\"@type\":\"EntryPoint\",\"urlTemplate\":\"https:\/\/www.isvps.org\/p\/en\/?s={search_term_string}\"},\"query-input\":\"required name=search_term_string\"}],\"inLanguage\":\"en-GB\"},{\"@type\":\"Organization\",\"@id\":\"https:\/\/www.isvps.org\/p\/en\/#organization\",\"name\":\"International School of Veterinary Postgraduate Studies\",\"url\":\"https:\/\/www.isvps.org\/p\/en\/\",\"logo\":{\"@type\":\"ImageObject\",\"inLanguage\":\"en-GB\",\"@id\":\"https:\/\/www.isvps.org\/p\/en\/#\/schema\/logo\/image\/\",\"url\":\"https:\/\/www.isvps.org\/p\/wp-content\/uploads\/2018\/05\/ISVPS_logo.png\",\"contentUrl\":\"https:\/\/www.isvps.org\/p\/wp-content\/uploads\/2018\/05\/ISVPS_logo.png\",\"width\":1800,\"height\":480,\"caption\":\"International School of Veterinary Postgraduate Studies\"},\"image\":{\"@id\":\"https:\/\/www.isvps.org\/p\/en\/#\/schema\/logo\/image\/\"}}]}<\/script>\n<!-- \/ Yoast SEO plugin. -->","yoast_head_json":{"title":"Foundation Certificate in Emergency and Critical Care - ISVPS","robots":{"index":"index","follow":"follow","max-snippet":"max-snippet:-1","max-image-preview":"max-image-preview:large","max-video-preview":"max-video-preview:-1"},"canonical":"https:\/\/www.isvps.org\/p\/en\/exams\/foundation-certificate-in-emergency-and-critical-care\/","og_locale":"en_GB","og_type":"article","og_title":"Foundation Certificate in Emergency and Critical Care - ISVPS","og_description":"[et_pb_section fb_built=&#8221;1&#8243; fullwidth=&#8221;on&#8221; _builder_version=&#8221;3.22&#8243;][et_pb_fullwidth_header title=&#8221;Foundation Certificate em Urg\u00eancias Veterin\u00e1rias&#8221; module_class=&#8221;esvpsheader&#8221; _builder_version=&#8221;4.6.0&#8243; background_color=&#8221;rgba(255, 255, 255, 0)&#8221; background_image=&#8221;https:\/\/www.isvps.org\/p\/wp-content\/uploads\/2021\/02\/Foundation-Certificate.jpeg&#8221; parallax=&#8221;on&#8221; parallax_method=&#8221;on&#8221; background_layout=&#8221;light&#8221; max_width_tablet=&#8221;50px&#8221; button_one_text_size__hover_enabled=&#8221;off&#8221; button_one_text_size__hover=&#8221;null&#8221; button_two_text_size__hover_enabled=&#8221;off&#8221; button_two_text_size__hover=&#8221;null&#8221; button_one_text_color__hover_enabled=&#8221;off&#8221; button_one_text_color__hover=&#8221;null&#8221; button_two_text_color__hover_enabled=&#8221;off&#8221; button_two_text_color__hover=&#8221;null&#8221; button_one_border_width__hover_enabled=&#8221;off&#8221; button_one_border_width__hover=&#8221;null&#8221; button_two_border_width__hover_enabled=&#8221;off&#8221; button_two_border_width__hover=&#8221;null&#8221; button_one_border_color__hover_enabled=&#8221;off&#8221; button_one_border_color__hover=&#8221;null&#8221; button_two_border_color__hover_enabled=&#8221;off&#8221; button_two_border_color__hover=&#8221;null&#8221; button_one_border_radius__hover_enabled=&#8221;off&#8221; button_one_border_radius__hover=&#8221;null&#8221; button_two_border_radius__hover_enabled=&#8221;off&#8221; button_two_border_radius__hover=&#8221;null&#8221; button_one_letter_spacing__hover_enabled=&#8221;off&#8221; button_one_letter_spacing__hover=&#8221;null&#8221; button_two_letter_spacing__hover_enabled=&#8221;off&#8221; button_two_letter_spacing__hover=&#8221;null&#8221; button_one_bg_color__hover_enabled=&#8221;off&#8221; button_one_bg_color__hover=&#8221;null&#8221; button_two_bg_color__hover_enabled=&#8221;off&#8221; button_two_bg_color__hover=&#8221;null&#8221;][\/et_pb_fullwidth_header][\/et_pb_section][et_pb_section fb_built=&#8221;1&#8243; _builder_version=&#8221;4.6.0&#8243; custom_padding=&#8221;||25px||false|false&#8221;][et_pb_row _builder_version=&#8221;4.6.0&#8243;][et_pb_column type=&#8221;4_4&#8243; _builder_version=&#8221;4.0.9&#8243;][et_pb_text _builder_version=&#8221;4.6.0&#8243; [&hellip;]","og_url":"https:\/\/www.isvps.org\/p\/pt\/exams\/foundation-certificate-in-emergency-and-critical-care\/","og_site_name":"ISVPS","article_modified_time":"2023-06-05T16:05:05+00:00","twitter_card":"summary_large_image","twitter_misc":{"Estimated reading time":"5 minutes"},"schema":{"@context":"https:\/\/schema.org","@graph":[{"@type":"WebPage","@id":"https:\/\/www.isvps.org\/p\/pt\/exams\/foundation-certificate-in-emergency-and-critical-care\/","url":"https:\/\/www.isvps.org\/p\/pt\/exams\/foundation-certificate-in-emergency-and-critical-care\/","name":"Foundation Certificate in Emergency and Critical Care - ISVPS","isPartOf":{"@id":"https:\/\/www.isvps.org\/p\/en\/#website"},"datePublished":"2021-02-16T15:34:28+00:00","dateModified":"2023-06-05T16:05:05+00:00","breadcrumb":{"@id":"https:\/\/www.isvps.org\/p\/pt\/exams\/foundation-certificate-in-emergency-and-critical-care\/#breadcrumb"},"inLanguage":"en-GB","potentialAction":[{"@type":"ReadAction","target":["https:\/\/www.isvps.org\/p\/pt\/exams\/foundation-certificate-in-emergency-and-critical-care\/"]}]},{"@type":"BreadcrumbList","@id":"https:\/\/www.isvps.org\/p\/pt\/exams\/foundation-certificate-in-emergency-and-critical-care\/#breadcrumb","itemListElement":[{"@type":"ListItem","position":1,"name":"Home","item":"https:\/\/www.isvps.org\/p\/en\/"},{"@type":"ListItem","position":2,"name":"Exams","item":"https:\/\/www.isvps.org\/p\/en\/exams\/"},{"@type":"ListItem","position":3,"name":"Foundation Certificate in Emergency and Critical Care"}]},{"@type":"WebSite","@id":"https:\/\/www.isvps.org\/p\/en\/#website","url":"https:\/\/www.isvps.org\/p\/en\/","name":"ISVPS","description":"International School of Veterinary Postgraduate Studies (ISVPS)","publisher":{"@id":"https:\/\/www.isvps.org\/p\/en\/#organization"},"potentialAction":[{"@type":"SearchAction","target":{"@type":"EntryPoint","urlTemplate":"https:\/\/www.isvps.org\/p\/en\/?s={search_term_string}"},"query-input":"required name=search_term_string"}],"inLanguage":"en-GB"},{"@type":"Organization","@id":"https:\/\/www.isvps.org\/p\/en\/#organization","name":"International School of Veterinary Postgraduate Studies","url":"https:\/\/www.isvps.org\/p\/en\/","logo":{"@type":"ImageObject","inLanguage":"en-GB","@id":"https:\/\/www.isvps.org\/p\/en\/#\/schema\/logo\/image\/","url":"https:\/\/www.isvps.org\/p\/wp-content\/uploads\/2018\/05\/ISVPS_logo.png","contentUrl":"https:\/\/www.isvps.org\/p\/wp-content\/uploads\/2018\/05\/ISVPS_logo.png","width":1800,"height":480,"caption":"International School of Veterinary Postgraduate Studies"},"image":{"@id":"https:\/\/www.isvps.org\/p\/en\/#\/schema\/logo\/image\/"}}]}},"_links":{"self":[{"href":"https:\/\/www.isvps.org\/p\/wp-json\/wp\/v2\/pages\/8919"}],"collection":[{"href":"https:\/\/www.isvps.org\/p\/wp-json\/wp\/v2\/pages"}],"about":[{"href":"https:\/\/www.isvps.org\/p\/wp-json\/wp\/v2\/types\/page"}],"author":[{"embeddable":true,"href":"https:\/\/www.isvps.org\/p\/wp-json\/wp\/v2\/users\/7"}],"replies":[{"embeddable":true,"href":"https:\/\/www.isvps.org\/p\/wp-json\/wp\/v2\/comments?post=8919"}],"version-history":[{"count":4,"href":"https:\/\/www.isvps.org\/p\/wp-json\/wp\/v2\/pages\/8919\/revisions"}],"predecessor-version":[{"id":11177,"href":"https:\/\/www.isvps.org\/p\/wp-json\/wp\/v2\/pages\/8919\/revisions\/11177"}],"up":[{"embeddable":true,"href":"https:\/\/www.isvps.org\/p\/wp-json\/wp\/v2\/pages\/5995"}],"wp:attachment":[{"href":"https:\/\/www.isvps.org\/p\/wp-json\/wp\/v2\/media?parent=8919"}],"curies":[{"name":"wp","href":"https:\/\/api.w.org\/{rel}","templated":true}]}}