{"id":8960,"date":"2021-04-05T09:15:53","date_gmt":"2021-04-05T09:15:53","guid":{"rendered":"https:\/\/www.isvps.org\/p\/exams\/foundation-certificate-en-emergencias-y-cuidados-criticos\/"},"modified":"2023-09-17T16:19:50","modified_gmt":"2023-09-17T16:19:50","slug":"foundation-certificate-en-emergencias-y-cuidados-criticos","status":"publish","type":"page","link":"https:\/\/www.isvps.org\/p\/mx\/exams\/foundation-certificate-en-emergencias-y-cuidados-criticos\/","title":{"rendered":"Foundation Certificate en Emergencias y cuidados cr\u00edticos"},"content":{"rendered":"<p>[et_pb_section fb_built=&#8221;1&#8243; fullwidth=&#8221;on&#8221; _builder_version=&#8221;3.22&#8243;][et_pb_fullwidth_header title=&#8221;<strong>Foundation Certificate en Emergencias y cuidados cr\u00edticos <\/strong>&#8221; module_class=&#8221;esvpsheader&#8221; _builder_version=&#8221;4.6.0&#8243; background_color=&#8221;rgba(255, 255, 255, 0)&#8221; background_image=&#8221;https:\/\/www.isvps.org\/p\/wp-content\/uploads\/2021\/02\/Foundation-Certificate.jpeg&#8221; parallax=&#8221;on&#8221; parallax_method=&#8221;on&#8221; background_layout=&#8221;light&#8221; max_width_tablet=&#8221;50px&#8221; button_one_text_size__hover_enabled=&#8221;off&#8221; button_one_text_size__hover=&#8221;null&#8221; button_two_text_size__hover_enabled=&#8221;off&#8221; button_two_text_size__hover=&#8221;null&#8221; button_one_text_color__hover_enabled=&#8221;off&#8221; button_one_text_color__hover=&#8221;null&#8221; button_two_text_color__hover_enabled=&#8221;off&#8221; button_two_text_color__hover=&#8221;null&#8221; button_one_border_width__hover_enabled=&#8221;off&#8221; button_one_border_width__hover=&#8221;null&#8221; button_two_border_width__hover_enabled=&#8221;off&#8221; button_two_border_width__hover=&#8221;null&#8221; button_one_border_color__hover_enabled=&#8221;off&#8221; button_one_border_color__hover=&#8221;null&#8221; button_two_border_color__hover_enabled=&#8221;off&#8221; button_two_border_color__hover=&#8221;null&#8221; button_one_border_radius__hover_enabled=&#8221;off&#8221; button_one_border_radius__hover=&#8221;null&#8221; button_two_border_radius__hover_enabled=&#8221;off&#8221; button_two_border_radius__hover=&#8221;null&#8221; button_one_letter_spacing__hover_enabled=&#8221;off&#8221; button_one_letter_spacing__hover=&#8221;null&#8221; button_two_letter_spacing__hover_enabled=&#8221;off&#8221; button_two_letter_spacing__hover=&#8221;null&#8221; button_one_bg_color__hover_enabled=&#8221;off&#8221; button_one_bg_color__hover=&#8221;null&#8221; button_two_bg_color__hover_enabled=&#8221;off&#8221; button_two_bg_color__hover=&#8221;null&#8221;][\/et_pb_fullwidth_header][\/et_pb_section][et_pb_section fb_built=&#8221;1&#8243; _builder_version=&#8221;4.6.0&#8243; custom_padding=&#8221;||25px||false|false&#8221;][et_pb_row _builder_version=&#8221;4.6.0&#8243;][et_pb_column type=&#8221;4_4&#8243; _builder_version=&#8221;4.0.9&#8243;][et_pb_text _builder_version=&#8221;4.6.0&#8243; background_size=&#8221;initial&#8221; background_position=&#8221;top_left&#8221; background_repeat=&#8221;repeat&#8221; locked=&#8221;off&#8221;]<b>El Foundation Certificate es un nuevo certificado de la ISVPS dise\u00f1ado para satisfacer las necesidades de los veterinarios que desean mejorar su aprendizaje en un tema espec\u00edfico de la educaci\u00f3n veterinaria de postgrado. Este certificado est\u00e1 dirigido a actualizar los conocimientos adquiridos durante los estudios veterinarios y el desarrollo profesional continuo. El certificado tambi\u00e9n es ideal como complemento de otros m\u00e1s extensos, como el GPCert, para mejorar los conocimientos en esa \u00e1rea espec\u00edfica de inter\u00e9s. Se ha desarrollado para los profesionales veterinarios que quieran cursar un programa r\u00e1pido y que deseen obtener una certificaci\u00f3n de primera categor\u00eda, de nivel medio y reconocida por sus colegas.<\/b><\/p>\n<p>Esta certificaci\u00f3n puede obtenerse luego de haber finalizado del programa de formaci\u00f3n modular espec\u00edfico acreditado por la ISVPS, y de haber aprobado con \u00e9xito la evaluaci\u00f3n requerida por la ISVPS. La evaluaci\u00f3n del Foundation Certificate puede llevarse a cabo al finalizar el curso en el momento que m\u00e1s convenga al candidato, lo que proporciona una mayor flexibilidad para la obtenci\u00f3n del certificado.  <\/p>\n<p>El principal beneficio del Foundation Certificate es que permite a los veterinarios que lo obtienen aplicar inmediatamente los conocimientos reci\u00e9n adquiridos y explorar los temas de la medicina veterinaria que m\u00e1s les interesan. Tambi\u00e9n ofrece la oportunidad de completar m\u00e1s de un certificado y experimentar en diferentes \u00e1reas del campo veterinario antes de avanzar potencialmente hacia una cualificaci\u00f3n de siguiente nivel como el certificado GPCert de la ISVPS.[\/et_pb_text][\/et_pb_column][\/et_pb_row][et_pb_row _builder_version=&#8221;4.6.0&#8243; _module_preset=&#8221;default&#8221;][et_pb_column type=&#8221;4_4&#8243; _builder_version=&#8221;4.6.0&#8243; _module_preset=&#8221;default&#8221;][et_pb_text _builder_version=&#8221;4.6.0&#8243; _module_preset=&#8221;default&#8221;]<\/p>\n<h3>Requisitos<\/h3>\n<p>Para conseguir el FCert(E&#038;CC) los candidatos deben:<\/p>\n<ul>\n<li>Asistir al programa de formaci\u00f3n modular acreditado por la ISVPS (deben asistir a TODOS los m\u00f3dulos)<\/li>\n<li>Aprobar un examen online de preguntas de selecci\u00f3n m\u00faltiple (MCQ) con vigilancia remota (1 hora)<\/li>\n<\/ul>\n<p>El tiempo de estudio requerido se ha calculado en torno a 4 horas por m\u00f3dulo. <\/p>\n<p>Una vez superado el FCert(E&#038;CC), los candidatos recibir\u00e1n un certificado personalizado.[\/et_pb_text][\/et_pb_column][\/et_pb_row][et_pb_row _builder_version=&#8221;4.6.0&#8243; _module_preset=&#8221;default&#8221;][et_pb_column type=&#8221;4_4&#8243; _builder_version=&#8221;4.6.0&#8243; _module_preset=&#8221;default&#8221;][et_pb_text _builder_version=&#8221;4.6.0&#8243; _module_preset=&#8221;default&#8221; hover_enabled=&#8221;0&#8243; sticky_enabled=&#8221;0&#8243;]<\/p>\n<h3>Preguntas frecuentes<\/h3>\n<p>[\/et_pb_text][et_pb_text _builder_version=&#8221;4.6.0&#8243; _module_preset=&#8221;default&#8221;]<b>\u00bfCu\u00e1nto tiempo dura el curso?<\/b><br \/>\nLuego de la finalizaci\u00f3n del curso, los candidatos tienen hasta dos a\u00f1os (3 oportunidades para aprobar el examen) para satisfacer los requisitos de evaluaci\u00f3n de la ISVPS y obtener el FCert.[\/et_pb_text][et_pb_text _builder_version=&#8221;4.6.0&#8243; _module_preset=&#8221;default&#8221; hover_enabled=&#8221;0&#8243; sticky_enabled=&#8221;0&#8243;]<b>\u00bfQu\u00e9 sucede si no apruebo el examen?<\/b><br \/>\nLos candidatos dispondr\u00e1n de 3 intentos para completarlo en 2 a\u00f1os a partir del momento en que finalicen el curso. Habr\u00e1 un tiempo de dos semanas despu\u00e9s de un intento antes de tener acceso al siguiente. <\/p>\n<p>Si no aprueban despu\u00e9s de los tres intentos, no podr\u00e1n optar al ISVPS FCert y recibir\u00e1n \u00fanicamente un certificado de finalizaci\u00f3n del curso de Improve Veterinary Education.[\/et_pb_text][et_pb_text _builder_version=&#8221;4.6.0&#8243; _module_preset=&#8221;default&#8221; hover_enabled=&#8221;0&#8243; sticky_enabled=&#8221;0&#8243;]<b>\u00bfC\u00f3mo puedo empezar?<\/b><br \/>\nLos candidatos inscritos en los programas de formaci\u00f3n modular acreditados tendr\u00e1n acceso a una \u00c1rea de Candidato donde podr\u00e1n inscribirse para el examen y su vigilancia remota.  Las tasas del examen est\u00e1n incluidas en el pago del curso.[\/et_pb_text][\/et_pb_column][\/et_pb_row][\/et_pb_section][et_pb_section fb_built=&#8221;1&#8243; _builder_version=&#8221;4.6.0&#8243; _module_preset=&#8221;default&#8221; background_color=&#8221;#f0f5f8&#8243; custom_margin=&#8221;||||false|false&#8221;][et_pb_row _builder_version=&#8221;4.6.0&#8243; _module_preset=&#8221;default&#8221;][et_pb_column type=&#8221;4_4&#8243; _builder_version=&#8221;4.6.0&#8243; _module_preset=&#8221;default&#8221;][et_pb_text _builder_version=&#8221;4.6.0&#8243; _module_preset=&#8221;default&#8221;]<\/p>\n<h2>Para m\u00e1s informaci\u00f3n, p\u00f3ngase en contacto con la ISVPS en <a href=\"mailto:espanol@isvps.org\">espanol@isvps.org <\/a><\/h2>\n<p>[\/et_pb_text][\/et_pb_column][\/et_pb_row][\/et_pb_section]<\/p>\n","protected":false},"excerpt":{"rendered":"<p>[et_pb_section fb_built=&#8221;1&#8243; fullwidth=&#8221;on&#8221; _builder_version=&#8221;3.22&#8243;][et_pb_fullwidth_header title=&#8221;Foundation Certificate en Emergencias y cuidados cr\u00edticos &#8221; module_class=&#8221;esvpsheader&#8221; _builder_version=&#8221;4.6.0&#8243; background_color=&#8221;rgba(255, 255, 255, 0)&#8221; background_image=&#8221;https:\/\/www.isvps.org\/p\/wp-content\/uploads\/2021\/02\/Foundation-Certificate.jpeg&#8221; parallax=&#8221;on&#8221; parallax_method=&#8221;on&#8221; background_layout=&#8221;light&#8221; max_width_tablet=&#8221;50px&#8221; button_one_text_size__hover_enabled=&#8221;off&#8221; button_one_text_size__hover=&#8221;null&#8221; button_two_text_size__hover_enabled=&#8221;off&#8221; button_two_text_size__hover=&#8221;null&#8221; button_one_text_color__hover_enabled=&#8221;off&#8221; button_one_text_color__hover=&#8221;null&#8221; button_two_text_color__hover_enabled=&#8221;off&#8221; button_two_text_color__hover=&#8221;null&#8221; button_one_border_width__hover_enabled=&#8221;off&#8221; button_one_border_width__hover=&#8221;null&#8221; button_two_border_width__hover_enabled=&#8221;off&#8221; button_two_border_width__hover=&#8221;null&#8221; button_one_border_color__hover_enabled=&#8221;off&#8221; button_one_border_color__hover=&#8221;null&#8221; button_two_border_color__hover_enabled=&#8221;off&#8221; button_two_border_color__hover=&#8221;null&#8221; button_one_border_radius__hover_enabled=&#8221;off&#8221; button_one_border_radius__hover=&#8221;null&#8221; button_two_border_radius__hover_enabled=&#8221;off&#8221; button_two_border_radius__hover=&#8221;null&#8221; button_one_letter_spacing__hover_enabled=&#8221;off&#8221; button_one_letter_spacing__hover=&#8221;null&#8221; button_two_letter_spacing__hover_enabled=&#8221;off&#8221; button_two_letter_spacing__hover=&#8221;null&#8221; button_one_bg_color__hover_enabled=&#8221;off&#8221; button_one_bg_color__hover=&#8221;null&#8221; button_two_bg_color__hover_enabled=&#8221;off&#8221; button_two_bg_color__hover=&#8221;null&#8221;][\/et_pb_fullwidth_header][\/et_pb_section][et_pb_section fb_built=&#8221;1&#8243; _builder_version=&#8221;4.6.0&#8243; custom_padding=&#8221;||25px||false|false&#8221;][et_pb_row _builder_version=&#8221;4.6.0&#8243;][et_pb_column [&hellip;]<\/p>\n","protected":false},"author":10,"featured_media":0,"parent":5994,"menu_order":0,"comment_status":"closed","ping_status":"closed","template":"","meta":{"_et_pb_use_builder":"on","_et_pb_old_content":"","_et_gb_content_width":""},"yoast_head":"<!-- This site is optimized with the Yoast SEO plugin v21.2 - https:\/\/yoast.com\/wordpress\/plugins\/seo\/ -->\n<title>Foundation Certificate en Emergencias y cuidados cr\u00edticos - ISVPS<\/title>\n<meta name=\"robots\" content=\"index, follow, max-snippet:-1, max-image-preview:large, max-video-preview:-1\" \/>\n<link rel=\"canonical\" href=\"https:\/\/www.isvps.org\/p\/en\/exams\/foundation-certificate-en-emergencias-y-cuidados-criticos\/\" \/>\n<meta property=\"og:locale\" content=\"en_GB\" \/>\n<meta property=\"og:type\" content=\"article\" \/>\n<meta property=\"og:title\" content=\"Foundation Certificate en Emergencias y cuidados cr\u00edticos - ISVPS\" \/>\n<meta property=\"og:description\" content=\"[et_pb_section fb_built=&#8221;1&#8243; fullwidth=&#8221;on&#8221; _builder_version=&#8221;3.22&#8243;][et_pb_fullwidth_header title=&#8221;Foundation Certificate en Emergencias y cuidados cr\u00edticos &#8221; module_class=&#8221;esvpsheader&#8221; _builder_version=&#8221;4.6.0&#8243; background_color=&#8221;rgba(255, 255, 255, 0)&#8221; background_image=&#8221;https:\/\/www.isvps.org\/p\/wp-content\/uploads\/2021\/02\/Foundation-Certificate.jpeg&#8221; parallax=&#8221;on&#8221; parallax_method=&#8221;on&#8221; background_layout=&#8221;light&#8221; max_width_tablet=&#8221;50px&#8221; button_one_text_size__hover_enabled=&#8221;off&#8221; button_one_text_size__hover=&#8221;null&#8221; button_two_text_size__hover_enabled=&#8221;off&#8221; button_two_text_size__hover=&#8221;null&#8221; button_one_text_color__hover_enabled=&#8221;off&#8221; button_one_text_color__hover=&#8221;null&#8221; button_two_text_color__hover_enabled=&#8221;off&#8221; button_two_text_color__hover=&#8221;null&#8221; button_one_border_width__hover_enabled=&#8221;off&#8221; button_one_border_width__hover=&#8221;null&#8221; button_two_border_width__hover_enabled=&#8221;off&#8221; button_two_border_width__hover=&#8221;null&#8221; button_one_border_color__hover_enabled=&#8221;off&#8221; button_one_border_color__hover=&#8221;null&#8221; button_two_border_color__hover_enabled=&#8221;off&#8221; button_two_border_color__hover=&#8221;null&#8221; button_one_border_radius__hover_enabled=&#8221;off&#8221; button_one_border_radius__hover=&#8221;null&#8221; button_two_border_radius__hover_enabled=&#8221;off&#8221; button_two_border_radius__hover=&#8221;null&#8221; button_one_letter_spacing__hover_enabled=&#8221;off&#8221; button_one_letter_spacing__hover=&#8221;null&#8221; button_two_letter_spacing__hover_enabled=&#8221;off&#8221; button_two_letter_spacing__hover=&#8221;null&#8221; button_one_bg_color__hover_enabled=&#8221;off&#8221; button_one_bg_color__hover=&#8221;null&#8221; button_two_bg_color__hover_enabled=&#8221;off&#8221; button_two_bg_color__hover=&#8221;null&#8221;][\/et_pb_fullwidth_header][\/et_pb_section][et_pb_section fb_built=&#8221;1&#8243; _builder_version=&#8221;4.6.0&#8243; custom_padding=&#8221;||25px||false|false&#8221;][et_pb_row _builder_version=&#8221;4.6.0&#8243;][et_pb_column [&hellip;]\" \/>\n<meta property=\"og:url\" content=\"https:\/\/www.isvps.org\/p\/mx\/exams\/foundation-certificate-en-emergencias-y-cuidados-criticos\/\" \/>\n<meta property=\"og:site_name\" content=\"ISVPS\" \/>\n<meta property=\"article:modified_time\" content=\"2023-09-17T16:19:50+00:00\" \/>\n<meta name=\"twitter:card\" content=\"summary_large_image\" \/>\n<meta name=\"twitter:label1\" content=\"Estimated reading time\" \/>\n\t<meta name=\"twitter:data1\" content=\"5 minutes\" \/>\n<script type=\"application\/ld+json\" class=\"yoast-schema-graph\">{\"@context\":\"https:\/\/schema.org\",\"@graph\":[{\"@type\":\"WebPage\",\"@id\":\"https:\/\/www.isvps.org\/p\/mx\/exams\/foundation-certificate-en-emergencias-y-cuidados-criticos\/\",\"url\":\"https:\/\/www.isvps.org\/p\/mx\/exams\/foundation-certificate-en-emergencias-y-cuidados-criticos\/\",\"name\":\"Foundation Certificate en Emergencias y cuidados cr\u00edticos - ISVPS\",\"isPartOf\":{\"@id\":\"https:\/\/www.isvps.org\/p\/en\/#website\"},\"datePublished\":\"2021-04-05T09:15:53+00:00\",\"dateModified\":\"2023-09-17T16:19:50+00:00\",\"breadcrumb\":{\"@id\":\"https:\/\/www.isvps.org\/p\/mx\/exams\/foundation-certificate-en-emergencias-y-cuidados-criticos\/#breadcrumb\"},\"inLanguage\":\"en-GB\",\"potentialAction\":[{\"@type\":\"ReadAction\",\"target\":[\"https:\/\/www.isvps.org\/p\/mx\/exams\/foundation-certificate-en-emergencias-y-cuidados-criticos\/\"]}]},{\"@type\":\"BreadcrumbList\",\"@id\":\"https:\/\/www.isvps.org\/p\/mx\/exams\/foundation-certificate-en-emergencias-y-cuidados-criticos\/#breadcrumb\",\"itemListElement\":[{\"@type\":\"ListItem\",\"position\":1,\"name\":\"Home\",\"item\":\"https:\/\/www.isvps.org\/p\/en\/\"},{\"@type\":\"ListItem\",\"position\":2,\"name\":\"Exams\",\"item\":\"https:\/\/www.isvps.org\/p\/en\/exams\/\"},{\"@type\":\"ListItem\",\"position\":3,\"name\":\"Foundation Certificate en Emergencias y cuidados cr\u00edticos\"}]},{\"@type\":\"WebSite\",\"@id\":\"https:\/\/www.isvps.org\/p\/en\/#website\",\"url\":\"https:\/\/www.isvps.org\/p\/en\/\",\"name\":\"ISVPS\",\"description\":\"International School of Veterinary Postgraduate Studies (ISVPS)\",\"publisher\":{\"@id\":\"https:\/\/www.isvps.org\/p\/en\/#organization\"},\"potentialAction\":[{\"@type\":\"SearchAction\",\"target\":{\"@type\":\"EntryPoint\",\"urlTemplate\":\"https:\/\/www.isvps.org\/p\/en\/?s={search_term_string}\"},\"query-input\":\"required name=search_term_string\"}],\"inLanguage\":\"en-GB\"},{\"@type\":\"Organization\",\"@id\":\"https:\/\/www.isvps.org\/p\/en\/#organization\",\"name\":\"International School of Veterinary Postgraduate Studies\",\"url\":\"https:\/\/www.isvps.org\/p\/en\/\",\"logo\":{\"@type\":\"ImageObject\",\"inLanguage\":\"en-GB\",\"@id\":\"https:\/\/www.isvps.org\/p\/en\/#\/schema\/logo\/image\/\",\"url\":\"https:\/\/www.isvps.org\/p\/wp-content\/uploads\/2018\/05\/ISVPS_logo.png\",\"contentUrl\":\"https:\/\/www.isvps.org\/p\/wp-content\/uploads\/2018\/05\/ISVPS_logo.png\",\"width\":1800,\"height\":480,\"caption\":\"International School of Veterinary Postgraduate Studies\"},\"image\":{\"@id\":\"https:\/\/www.isvps.org\/p\/en\/#\/schema\/logo\/image\/\"}}]}<\/script>\n<!-- \/ Yoast SEO plugin. -->","yoast_head_json":{"title":"Foundation Certificate en Emergencias y cuidados cr\u00edticos - ISVPS","robots":{"index":"index","follow":"follow","max-snippet":"max-snippet:-1","max-image-preview":"max-image-preview:large","max-video-preview":"max-video-preview:-1"},"canonical":"https:\/\/www.isvps.org\/p\/en\/exams\/foundation-certificate-en-emergencias-y-cuidados-criticos\/","og_locale":"en_GB","og_type":"article","og_title":"Foundation Certificate en Emergencias y cuidados cr\u00edticos - ISVPS","og_description":"[et_pb_section fb_built=&#8221;1&#8243; fullwidth=&#8221;on&#8221; _builder_version=&#8221;3.22&#8243;][et_pb_fullwidth_header title=&#8221;Foundation Certificate en Emergencias y cuidados cr\u00edticos &#8221; module_class=&#8221;esvpsheader&#8221; _builder_version=&#8221;4.6.0&#8243; background_color=&#8221;rgba(255, 255, 255, 0)&#8221; background_image=&#8221;https:\/\/www.isvps.org\/p\/wp-content\/uploads\/2021\/02\/Foundation-Certificate.jpeg&#8221; parallax=&#8221;on&#8221; parallax_method=&#8221;on&#8221; background_layout=&#8221;light&#8221; max_width_tablet=&#8221;50px&#8221; button_one_text_size__hover_enabled=&#8221;off&#8221; button_one_text_size__hover=&#8221;null&#8221; button_two_text_size__hover_enabled=&#8221;off&#8221; button_two_text_size__hover=&#8221;null&#8221; button_one_text_color__hover_enabled=&#8221;off&#8221; button_one_text_color__hover=&#8221;null&#8221; button_two_text_color__hover_enabled=&#8221;off&#8221; button_two_text_color__hover=&#8221;null&#8221; button_one_border_width__hover_enabled=&#8221;off&#8221; button_one_border_width__hover=&#8221;null&#8221; button_two_border_width__hover_enabled=&#8221;off&#8221; button_two_border_width__hover=&#8221;null&#8221; button_one_border_color__hover_enabled=&#8221;off&#8221; button_one_border_color__hover=&#8221;null&#8221; button_two_border_color__hover_enabled=&#8221;off&#8221; button_two_border_color__hover=&#8221;null&#8221; button_one_border_radius__hover_enabled=&#8221;off&#8221; button_one_border_radius__hover=&#8221;null&#8221; button_two_border_radius__hover_enabled=&#8221;off&#8221; button_two_border_radius__hover=&#8221;null&#8221; button_one_letter_spacing__hover_enabled=&#8221;off&#8221; button_one_letter_spacing__hover=&#8221;null&#8221; button_two_letter_spacing__hover_enabled=&#8221;off&#8221; button_two_letter_spacing__hover=&#8221;null&#8221; button_one_bg_color__hover_enabled=&#8221;off&#8221; button_one_bg_color__hover=&#8221;null&#8221; button_two_bg_color__hover_enabled=&#8221;off&#8221; button_two_bg_color__hover=&#8221;null&#8221;][\/et_pb_fullwidth_header][\/et_pb_section][et_pb_section fb_built=&#8221;1&#8243; _builder_version=&#8221;4.6.0&#8243; custom_padding=&#8221;||25px||false|false&#8221;][et_pb_row _builder_version=&#8221;4.6.0&#8243;][et_pb_column [&hellip;]","og_url":"https:\/\/www.isvps.org\/p\/mx\/exams\/foundation-certificate-en-emergencias-y-cuidados-criticos\/","og_site_name":"ISVPS","article_modified_time":"2023-09-17T16:19:50+00:00","twitter_card":"summary_large_image","twitter_misc":{"Estimated reading time":"5 minutes"},"schema":{"@context":"https:\/\/schema.org","@graph":[{"@type":"WebPage","@id":"https:\/\/www.isvps.org\/p\/mx\/exams\/foundation-certificate-en-emergencias-y-cuidados-criticos\/","url":"https:\/\/www.isvps.org\/p\/mx\/exams\/foundation-certificate-en-emergencias-y-cuidados-criticos\/","name":"Foundation Certificate en Emergencias y cuidados cr\u00edticos - ISVPS","isPartOf":{"@id":"https:\/\/www.isvps.org\/p\/en\/#website"},"datePublished":"2021-04-05T09:15:53+00:00","dateModified":"2023-09-17T16:19:50+00:00","breadcrumb":{"@id":"https:\/\/www.isvps.org\/p\/mx\/exams\/foundation-certificate-en-emergencias-y-cuidados-criticos\/#breadcrumb"},"inLanguage":"en-GB","potentialAction":[{"@type":"ReadAction","target":["https:\/\/www.isvps.org\/p\/mx\/exams\/foundation-certificate-en-emergencias-y-cuidados-criticos\/"]}]},{"@type":"BreadcrumbList","@id":"https:\/\/www.isvps.org\/p\/mx\/exams\/foundation-certificate-en-emergencias-y-cuidados-criticos\/#breadcrumb","itemListElement":[{"@type":"ListItem","position":1,"name":"Home","item":"https:\/\/www.isvps.org\/p\/en\/"},{"@type":"ListItem","position":2,"name":"Exams","item":"https:\/\/www.isvps.org\/p\/en\/exams\/"},{"@type":"ListItem","position":3,"name":"Foundation Certificate en Emergencias y cuidados cr\u00edticos"}]},{"@type":"WebSite","@id":"https:\/\/www.isvps.org\/p\/en\/#website","url":"https:\/\/www.isvps.org\/p\/en\/","name":"ISVPS","description":"International School of Veterinary Postgraduate Studies (ISVPS)","publisher":{"@id":"https:\/\/www.isvps.org\/p\/en\/#organization"},"potentialAction":[{"@type":"SearchAction","target":{"@type":"EntryPoint","urlTemplate":"https:\/\/www.isvps.org\/p\/en\/?s={search_term_string}"},"query-input":"required name=search_term_string"}],"inLanguage":"en-GB"},{"@type":"Organization","@id":"https:\/\/www.isvps.org\/p\/en\/#organization","name":"International School of Veterinary Postgraduate Studies","url":"https:\/\/www.isvps.org\/p\/en\/","logo":{"@type":"ImageObject","inLanguage":"en-GB","@id":"https:\/\/www.isvps.org\/p\/en\/#\/schema\/logo\/image\/","url":"https:\/\/www.isvps.org\/p\/wp-content\/uploads\/2018\/05\/ISVPS_logo.png","contentUrl":"https:\/\/www.isvps.org\/p\/wp-content\/uploads\/2018\/05\/ISVPS_logo.png","width":1800,"height":480,"caption":"International School of Veterinary Postgraduate Studies"},"image":{"@id":"https:\/\/www.isvps.org\/p\/en\/#\/schema\/logo\/image\/"}}]}},"_links":{"self":[{"href":"https:\/\/www.isvps.org\/p\/wp-json\/wp\/v2\/pages\/8960"}],"collection":[{"href":"https:\/\/www.isvps.org\/p\/wp-json\/wp\/v2\/pages"}],"about":[{"href":"https:\/\/www.isvps.org\/p\/wp-json\/wp\/v2\/types\/page"}],"author":[{"embeddable":true,"href":"https:\/\/www.isvps.org\/p\/wp-json\/wp\/v2\/users\/10"}],"replies":[{"embeddable":true,"href":"https:\/\/www.isvps.org\/p\/wp-json\/wp\/v2\/comments?post=8960"}],"version-history":[{"count":2,"href":"https:\/\/www.isvps.org\/p\/wp-json\/wp\/v2\/pages\/8960\/revisions"}],"predecessor-version":[{"id":11780,"href":"https:\/\/www.isvps.org\/p\/wp-json\/wp\/v2\/pages\/8960\/revisions\/11780"}],"up":[{"embeddable":true,"href":"https:\/\/www.isvps.org\/p\/wp-json\/wp\/v2\/pages\/5994"}],"wp:attachment":[{"href":"https:\/\/www.isvps.org\/p\/wp-json\/wp\/v2\/media?parent=8960"}],"curies":[{"name":"wp","href":"https:\/\/api.w.org\/{rel}","templated":true}]}}